visor of 8 and 2916.
4
What is the highest common factor of 36 and 5316?
12
What is the highest common divisor of 9 and 68508?
9
What is the highest common factor of 2 and 4?
2
Calculate the greatest common factor of 275 and 50.
25
What is the highest common factor of 25 and 1960?
5
What is the greatest common factor of 12725 and 25?
25
Calculate the greatest common factor of 72 and 2088.
72
What is the greatest common factor of 168 and 784?
56
What is the highest common factor of 59 and 11387?
59
What is the highest common divisor of 108 and 228?
12
Calculate the greatest common factor of 66 and 32406.
66
What is the highest common divisor of 270 and 250?
10
What is the highest common factor of 4847 and 37?
37
What is the greatest common divisor of 16969 and 239?
239
What is the greatest common factor of 1 and 8?
1
What is the greatest common divisor of 12 and 6?
6
Calculate the highest common factor of 70 and 238.
14
Calculate the greatest common divisor of 40 and 70.
10
Calculate the greatest common factor of 345 and 8250.
15
Calculate the greatest common factor of 26 and 2119.
13
Calculate the highest common factor of 5 and 265.
5
Calculate the greatest common factor of 49 and 28.
7
What is the greatest common factor of 80 and 48?
16
What is the greatest common factor of 2748 and 156?
12
Calculate the greatest common factor of 4137 and 21.
21
Calculate the greatest common factor of 356 and 12.
4
Calculate the greatest common divisor of 915 and 75.
15
What is the greatest common divisor of 3731 and 2009?
287
What is the greatest common factor of 864 and 5544?
72
What is the greatest common factor of 33 and 8?
1
Calculate the highest common factor of 30771 and 78.
39
What is the highest common divisor of 12 and 76?
4
What is the greatest common factor of 35 and 490?
35
What is the greatest common divisor of 1449 and 5152?
161
Calculate the highest common factor of 7190 and 10.
10
What is the highest common divisor of 2923 and 333?
37
Calculate the highest common divisor of 1168 and 152.
8
Calculate the greatest common divisor of 1650 and 1254.
66
Calculate the greatest common divisor of 495 and 220.
55
Calculate the highest common divisor of 3404 and 296.
148
Calculate the highest common factor of 1666 and 68.
34
Calculate the highest common divisor of 2 and 2.
2
What is the greatest common divisor of 112 and 588?
28
What is the highest common divisor of 5 and 15?
5
Calculate the greatest common factor of 30447 and 153.
153
Calculate the highest common factor of 1397 and 33.
11
Calculate the greatest common divisor of 128 and 3712.
128
What is the highest common divisor of 2519 and 11?
11
What is the highest common divisor of 2660 and 70?
70
Calculate the highest common factor of 1806 and 645.
129
Calculate the greatest common divisor of 28 and 1624.
28
Calculate the highest common factor of 26 and 11414.
26
What is the greatest common factor of 25 and 110?
5
What is the greatest common factor of 943 and 205?
41
What is the highest common divisor of 6437 and 157?
157
What is the greatest common factor of 30 and 12980?
10
Calculate the highest common divisor of 82 and 11234.
82
What is the highest common factor of 323 and 17?
17
What is the greatest common factor of 1320 and 150?
30
Calculate the highest common factor of 166 and 11122.
166
What is the greatest common factor of 2442 and 11?
11
Calculate the greatest common factor of 940 and 20.
20
What is the greatest common factor of 51 and 272?
17
Calculate the highest common divisor of 15180 and 2310.
330
Calculate the highest common divisor of 56 and 364.
28
Calculate the greatest common divisor of 1156 and 68.
68
Calculate the greatest common factor of 520 and 312.
104
Calculate the greatest common factor of 494 and 1292.
38
What is the greatest common divisor of 660 and 480?
60
Calculate the highest common factor of 230 and 20.
10
Calculate the greatest common divisor of 527 and 93.
31
Calculate the greatest common divisor of 574 and 41.
41
What is the greatest common factor of 252 and 315?
63
Calculate the greatest common factor of 2173 and 53.
53
What is the greatest common factor of 578 and 306?
34
Calculate the highest common factor of 999 and 216.
27
What is the highest common divisor of 30 and 960?
30
Calculate the greatest common factor of 26 and 3679.
13
What is the greatest common factor of 6370 and 10?
10
Calculate the highest common divisor of 45 and 390.
15
What is the greatest common divisor of 106 and 16?
2
What is the greatest common divisor of 1161 and 688?
43
What is the greatest common factor of 44 and 66?
22
What is the highest common divisor of 24 and 1176?
24
Calculate the highest common divisor of 2760 and 15.
15
What is the highest common divisor of 16 and 6?
2
Calculate the highest common divisor of 412 and 44.
4
What is the greatest common factor of 39 and 5629?
13
What is the highest common divisor of 5762 and 134?
134
What is the highest common divisor of 19 and 152?
19
Calculate the greatest common factor of 2640 and 204.
12
What is the greatest common divisor of 1215 and 5?
5
What is the greatest common divisor of 53 and 11342?
53
What is the highest common divisor of 11 and 1661?
11
What is the greatest common divisor of 54 and 8?
2
Calculate the highest common divisor of 85 and 1505.
5
Calculate the highest common divisor of 82 and 123.
41
Calculate the greatest common divisor of 210 and 1155.
105
What is the greatest common factor of 3 and 831?
3
Calculate the highest common factor of 126 and 273.
21
What is the greatest common divisor of 1450 and 2204?
58
What is the highest common factor of 7424 and 29?
29
Calculate the greatest common divisor of 2548 and 245.
49
What is the highest common divisor of 116 and 638?
58
Calculate the highest common divisor of 20 and 3185.
5
Calculate the greatest common factor of 2608 and 32.
16
What is the greatest common factor of 408 and 2499?
51
Calculate the greatest common factor of 30 and 465.
15
Calculate the greatest common divisor of 48 and 292.
4
What is the highest common factor of 8656 and 16?
16
What is the greatest common factor of 14 and 994?
14
What is the highest common factor of 32 and 104?
8
What is the greatest common divisor of 63 and 2313?
9
Calculate the greatest common factor of 16 and 6.
2
What is the greatest common divisor of 520 and 40?
40
What is the greatest common factor of 72 and 36?
36
What is the greatest common divisor of 896 and 742?
14
Calculate the greatest common factor of 42 and 1113.
21
Calculate the highest common factor of 2254 and 46.
46
What is the highest common factor of 1826 and 22?
22
Calculate the greatest common factor of 6564 and 12.
12
What is the highest common divisor of 32 and 200?
8
Calculate the greatest common factor of 5406 and 102.
102
What is the greatest common factor of 432 and 1107?
27
Calculate the greatest common factor of 216 and 81.
27
What is the highest common divisor of 244 and 671?
61
What is the highest common divisor of 36 and 4?
4
Calculate the highest common factor of 24 and 936.
24
Calculate the greatest common factor of 6404 and 4.
4
What is the greatest common divisor of 146 and 365?
73
What is the greatest common factor of 237 and 3?
3
Calculate the greatest common factor of 116 and 1073.
29
What is the greatest common divisor of 154 and 407?
11
Calculate the highest common factor of 186 and 1023.
93
What is the greatest common divisor of 496 and 17980?
124
What is the highest common factor of 1760 and 128?
32
What is the highest common factor of 318 and 4187?
53
Calculate the greatest common divisor of 3157 and 28.
7
What is the greatest common divisor of 5920 and 111?
37
Calculate the highest common divisor of 341 and 22.
11
What is the highest common divisor of 1208 and 8?
8
Calculate the highest common factor of 82715 and 710.
355
What is the greatest common divisor of 60 and 165?
15
What is the highest common divisor of 44515 and 29?
29
Calculate the greatest common factor of 496 and 1364.
124
Calculate the highest common divisor of 95 and 57.
19
What is the highest common divisor of 155 and 93?
31
What is the greatest common divisor of 549 and 81?
9
What is the highest common divisor of 18852 and 36?
12
Calculate the highest common f